factors of m(7)?
2, 17
Let w be 10/(-15)*(-42)/4. Let c(a) = -a**2 + 9*a - 1. List the prime factors of c(w).
13
Let n = -105 + 238. What are the prime factors of n?
7, 19
Suppose 225 = 26*q - 25*q. List the prime factors of q.
3, 5
List the prime factors of -3*(-3 - (-44)/12) - -100.
2, 7
Suppose 49 + 231 = 5*n. List the prime factors of n.
2, 7
Suppose -2*l = l + 6, -4 = f + l. Let k = f + 6. Suppose k*t - 36 - 8 = 0. What are the prime factors of t?
11
Let k(o) = 7*o + 27. Let f(t) = -10*t - 40. Let d = 8 + -15. Let r(m) = d*k(m) - 5*f(m). What are the prime factors of r(-6)?
5
Let k = -208 + 380. What are the prime factors of k?
2, 43
Suppose c = -v + 13, -v = 4*v + 3*c - 55. List the prime factors of v.
2
Suppose -g + 3*g - 6 = 0. Let q(t) = -t**3 + 7*t**2 - 3*t - 4. What are the prime factors of q(g)?
23
Let v be 6*1*6/(-9). Let o = v - -6. What are the prime factors of o?
2
Let j = -13 - -43. Let l(x) = x**3 + 4*x**2 + 3*x. Let n be l(-2). Suppose 0*z = -3*z + 5*u + 37, 5*z - j = n*u. What are the prime factors of z?
2
Let q be 2 - 1 - 62/(-2). Suppose 4*l = 2*l + q. List the prime factors of l.
2
Let w = 41 - -17. What are the prime factors of w?
2, 29
Let p = -46 - 11. Let y = p + 83. List the prime factors of y.
2, 13
Let z(t) = -t - 14. Let s be z(-8). Let l(w) = 2*w - 3. Let k be l(3). Let h = k - s. What are the prime factors of h?
3
Let z(j) = -2*j + 7. Let o be z(6). Let l(g) = g. Let c(p) = 6*p + 5. Let h(b) = -c(b) + 3*l(b). What are the prime factors of h(o)?
2, 5
Suppose 3*w - r + 57 = 0, -4*w - 57 = -w - 5*r. List the prime factors of -1*2*(12 + w).
2, 7
Let u(p) = -p**3 + 4*p**2 + 3*p - 1. Let o(d) = -d**3 + 13*d**2 - 13*d + 16. Let f be o(12). What are the prime factors of u(f)?
11
Suppose 8*c = 4*c + 20, c - 21 = -k. Suppose k + 10 = 2*b. Let r = -7 + b. List the prime factors of r.
2, 3
Let a(n) = 2*n - 7*n + 2*n + n + 4. What are the prime factors of a(-8)?
2, 5
Let g(d) = 7*d**3 - 3*d**2 + 4. What are the prime factors of g(2)?
2, 3
Suppose -f = -1 - 0. Let w be -2 + f - (-1 + -16). Let m = w + -3. What are the prime factors of m?
13
Let x(y) = y**3 - 13*y**2 + 15*y - 9. List the prime factors of x(12).
3
Let j(r) = r**2 + 4*r - 1. Let y be 2 - 2/((-6)/(-21)). Let t be j(y). Suppose -3*a + 5 = -t. What are the prime factors of a?
3
Let i be 4 + (-5 + 3)*-1. Suppose -p + 3*z + 6 = 0, -5*p - z + 70 = -i*z. List the prime factors of p.
2, 3
Let k = 5 + -4. Let q(i) = 5*i**3 - i + 1. Let n be q(k). Let d = n - -14. What are the prime factors of d?
19
Let j(x) = -713*x + 62. Let a(r) = -57*r + 5. Let p(u) = -62*a(u) + 5*j(u). List the prime factors of p(-1).
31
Let k be 2/(-3)*27/(-6). Let a be (-4)/(-18) + (-129)/(-27). Suppose p + 28 = k*t, a*p = 3*t - t - 36. What are the prime factors of t?
2
Let u(n) = -n**2 - 2*n - 2. Let x be u(-2). Let h = 8 + x. List the prime factors of h.
2, 3
Suppose 4*t + 2 = 5*t. List the prime factors of (-6)/(-3) + t + 12.
2
Let p(c) = -2*c - 19. Let o(q) = -q - 10. Let k(x) = x**2 + 8*x. Let n be k(-7). Let m(t) = n*o(t) + 3*p(t). List the prime factors of m(-10).
3
Let o(p) = -p**3 + 5*p**2 + 2*p - 1. Let a be 3 + (-1 - 2 - 0). Let c = a + 5. List the prime factors of o(c).
3
Let x = 7 + 1. Suppose 6*t = x*t - 46. What are the prime factors of t?
23
Let x(z) = -z**3 + 6*z**2 + 8*z. List the prime factors of x(7).
7
Suppose 23 = 2*u - 177. List the prime factors of u.
2, 5
Let b = 22 + -18. Suppose -4*p + 72 = b*u - 2*p, 4*u - 48 = 4*p. List the prime factors of u.
2
List the prime factors of 706/4 - (-27)/18.
2, 89
Suppose 0*t + 6 = 3*t. What are the prime factors of 180/16 + t/(-8)?
11
Let t = 64 - 34. What are the prime factors of t?
2, 3, 5
Suppose -2*w + 16 = u, -3*u + 57 = -3*w - 0*w. What are the prime factors of u?
2, 3
Let q = 111 - -41. What are the prime factors of q?
2, 19
Suppose 3*g + o - 149 = 0, -3*g + 152 = -6*o + 4*o. List the prime factors of g.
2, 5
Let j = 100 - 73. List the prime factors of j.
3
Suppose v = 2*n + 48, -5*n + v = -v + 118. Let z = -4 - n. What are the prime factors of z?
2, 3
Let i(w) = w**3 + 7*w**2. Let x be i(-4). Suppose -2*s - s + x = 0. What are the prime factors of s?
2
Suppose 4*f + f = -5*n + 35, 0 = 2*n - 2*f - 2. Let o = 21 - n. List the prime factors of o.
17
Let o = 2 + 0. Let p(m) = -m**2 - 5 + 1 - o*m - 6*m. What are the prime factors of p(-3)?
11
List the prime factors of (2/4*50)/((-5)/(-30)).
2, 3, 5
Let v(z) = 46*z**2 - 4*z - 2. List the prime factors of v(-1).
2, 3
Let f(p) = p**2 + 5*p + 5. Let t(n) = n + 4. Let v = -2 + -7. Let m be t(v). List the prime factors of f(m).
5
Let r(b) = b**2 - 5*b - 10. Let k be r(8). Suppose 4*g - k = -6. List the prime factors of 2 + -1 + (g - 0).
3
Let a(k) = -k**3 - 8*k**2 - 11*k - 10. Suppose 3*z + 25 = w, 4*z = -3*w - 20 + 4. What are the prime factors of a(z)?
2, 3
Let p(k) = k**3 + 3*k**2 + k + 6. Let s be p(-3). Suppose -s*q + r + 52 = -q, 4*q + 2*r - 104 = 0. List the prime factors of q.
2, 13
Let s = -112 + 174. What are the prime factors of s?
2, 31
Suppose 3*u - 3*v - 7 = 4*u, -3*u + 7 = 2*v. Suppose 0*n + 117 = u*n + 3*q, -43 = -2*n - 5*q. What are the prime factors of n?
2, 3
Suppose k + 3*k - o = 34, -5*k + o = -42. List the prime factors of k.
2
Let f = -45 - -22. Let i = 38 + f. Let j = -10 + i. List the prime factors of j.
5
Let a(j) = 2*j**2 - 13*j - 4. List the prime factors of a(14).
2, 103
Let f(a) = -2*a**3 + a**2 - 4*a - 16. List the prime factors of f(-5).
3, 31
Suppose t + 2*w = 3, -3*t + 9 = 3*w - 2*w. Suppose -2*j = -3*c + 5 - 16, 0 = 2*c - 5*j + 22. Let v = c + t. What are the prime factors of v?
2
Suppose 5*w - 82 = -t + 46, -4*t = w - 18. Let x = w - 11. What are the prime factors of x?
3, 5
Suppose 0 = -0*h - 5*h + 70. Suppose 0 = 5*p + h - 4, c - 10 = -p. What are the prime factors of c?
2, 3
Let i(d) = d**3 + 13*d**2 + 13*d + 8. Let g be i(-12). Let l = g - -21. List the prime factors of l.
17
Suppose -5 = -r - 3. Suppose -r*i - 64 = 3*m + 3*i, -i = 2. What are the prime factors of (m + 0)/(6/(-4))?
2, 3
Let u(g) = -g**2 + g. Let o be u(-1). Let m = -17 + -7. What are the prime factors of (o/3)/(4/m)?
2
Let p = 12 + -7. Suppose -65 = -p*z + 30. List the prime factors of z.
19
Suppose 2*h - 6 + 2 = 0. Suppose -5*y = h*t + 1 - 27, 5*y = -5*t + 35. What are the prime factors of y?
2
List the prime factors of (6/4)/(-7 - (-51550)/7360).
2, 23
List the prime factors of 231/4 - (1 - 3)/8.
2, 29
Let g(q) = 6*q**2 + 18*q - 6. What are the prime factors of g(-6)?
2, 3, 17
Let t(x) = x**3 + 4*x**2 - 2*x - 3. Let z be t(-4). Let j be (-32)/z + (-8)/(-20). What are the prime factors of (-2 + 0)*21/j?
7
Suppose -2*s = 12 + 16. Let w = s + 6. List the prime factors of 1/(-4) - 26/w.
3
Let a be (-8)/(-3) + 1/3. Suppose 58 = -2*k - 3*s - 40, -a*s - 227 = 5*k. Let h = -23 - k. List the prime factors of h.
2, 5
Let o be (-3)/(3/(-4) + 0). Suppose 2*u - 40 = -2*k, -3*u = -k - 0 + 8. Suppose o = -t + k. What are the prime factors of t?
13
List the prime factors of 0/(1*-2) + (12 - -210).
2, 3, 37
Let c(h) = -h**3 + 4. Let p(o) = -o**2 - 4*o + 5. Let g be p(-5). Suppose -w - 3*w = g. List the prime factors of c(w).
2
What are the prime factors of 2*(-1 + 129/6)?
41
Suppose 5*a - 3*z = 342, -24 = -a - 2*z + 34. What are the prime factors of a?
2, 3, 11
Suppose -4*v = v - 110. Let t = v - 13. List the prime factors of t.
3
Let l(b) = -b**3 - 2*b**2 + b - 3. Let i be l(-3). Suppose -5*m = -k - 8, 3*k - i*m - 18 + 90 = 0. Let f = -17 - k. List the prime factors of f.
11
List the prime factors of (8/(-4))/((-4)/200).
2, 5
Let j be 2/(-2)*1 - 2. Let t be 1*(j + 2) - -1. Suppose 3*u - 2 - 4 = t. List the prime factors of u.
2
Suppose -2*i - 5 = -53. List the prime factors of i.
2, 3
Let a(m) = m**2 - 12*m - 3. Let t be a(13). Suppose u - 18 - t = 0. List the prime factors of u.
2, 7
Let h(k) = -9*k**2 - 5*k - 6. Let i(q) = -5*q**2 - 2*q - 3. Let y(f) = 4*h(f) - 7*i(f). Let x be y(7). What are the prime factors of 4/(-10) + x/(-10)?
3
Suppose a - 7*w + 5*w = -8, 5*a + 5*w - 20 = 0. List the prime factors of 0 + (a - (-2 + -9)).
11
Suppose -2 + 0 = -a. Suppose -a*d = 5 - 17. Let f = d - 2. What are the prime factors of f?
2
Suppose -16*t + 1859 = -1837. What are the prime factors of t?
3, 7, 